{"id":64,"date":"2019-12-17T17:21:05","date_gmt":"2019-12-17T16:21:05","guid":{"rendered":"http:\/\/www.assessor.fr\/?page_id=64"},"modified":"2020-02-07T16:30:50","modified_gmt":"2020-02-07T15:30:50","slug":"presentation","status":"publish","type":"page","link":"https:\/\/www.assessor.fr\/index.php\/presentation\/","title":{"rendered":"Pr\u00e9sentation"},"content":{"rendered":"\n<p class=\"has-medium-font-size\"><em>Avec une \u00e9quipe de plus de 15 ans d&#8217;exp\u00e9rience \u00e0 son actif, Assessor vous propose un ensemble de comp\u00e9tences afin de vous accompagner au mieux lors de vos projets d&#8217;organisation d&#8217;entreprise.<\/em><\/p>\n","protected":false},"excerpt":{"rendered":"<p>Avec une \u00e9quipe de plus de 15 ans d&#8217;exp\u00e9rience \u00e0 son actif, Assessor vous propose un ensemble de comp\u00e9tences afin de vous accompagner au mieux lors de vos projets d&#8217;organisation d&#8217;entreprise.<\/p>\n","protected":false},"author":1,"featured_media":46,"parent":0,"menu_order":0,"comment_status":"closed","ping_status":"closed","template":"","meta":[],"_links":{"self":[{"href":"https:\/\/www.assessor.fr\/index.php\/wp-json\/wp\/v2\/pages\/64"}],"collection":[{"href":"https:\/\/www.assessor.fr\/index.php\/wp-json\/wp\/v2\/pages"}],"about":[{"href":"https:\/\/www.assessor.fr\/index.php\/wp-json\/wp\/v2\/types\/page"}],"author":[{"embeddable":true,"href":"https:\/\/www.assessor.fr\/index.php\/wp-json\/wp\/v2\/users\/1"}],"replies":[{"embeddable":true,"href":"https:\/\/www.assessor.fr\/index.php\/wp-json\/wp\/v2\/comments?post=64"}],"version-history":[{"count":9,"href":"https:\/\/www.assessor.fr\/index.php\/wp-json\/wp\/v2\/pages\/64\/revisions"}],"predecessor-version":[{"id":212,"href":"https:\/\/www.assessor.fr\/index.php\/wp-json\/wp\/v2\/pages\/64\/revisions\/212"}],"wp:featuredmedia":[{"embeddable":true,"href":"https:\/\/www.assessor.fr\/index.php\/wp-json\/wp\/v2\/media\/46"}],"wp:attachment":[{"href":"https:\/\/www.assessor.fr\/index.php\/wp-json\/wp\/v2\/media?parent=64"}],"curies":[{"name":"wp","href":"https:\/\/api.w.org\/{rel}","templated":true}]}}