{"id":148,"date":"2020-02-07T09:24:02","date_gmt":"2020-02-07T08:24:02","guid":{"rendered":"http:\/\/www.assessor.fr\/?page_id=148"},"modified":"2020-02-07T16:47:03","modified_gmt":"2020-02-07T15:47:03","slug":"transfert","status":"publish","type":"page","link":"https:\/\/www.assessor.fr\/index.php\/transfert\/","title":{"rendered":"Transfert"},"content":{"rendered":"\n<p> \u2022 Recueil du descriptif du projet. <\/p>\n\n\n\n<p>\u2022 Documentons le projet de transfert (lieux, phases, volume, conditions d\u2019accompagnement des \u00e9quipes transf\u00e9r\u00e9es). <\/p>\n\n\n\n<p>\u2022 Pr\u00e9sentons sa transcription du projet, son chiffrage et ses conditions de r\u00e9alisation au ma\u00eetre d\u2019ouvrage pour contractualisation. <\/p>\n\n\n\n<p>\u2022 Assurons de bout en bout l\u2019ensemble de la r\u00e9alisation des op\u00e9rations, de la pr\u00e9paration du projet au transfert physique, y compris le SAV.  <\/p>\n\n\n\n<div class=\"wp-block-media-text alignwide\"><figure class=\"wp-block-media-text__media\"><img loading=\"lazy\" width=\"1024\" height=\"678\" src=\"http:\/\/www.assessor.fr\/wp-content\/uploads\/2020\/02\/desk-table-workspace-office-living-room-furniture-944600-pxhere.com_-1-1024x678.jpg\" alt=\"\" class=\"wp-image-233\" srcset=\"https:\/\/www.assessor.fr\/wp-content\/uploads\/2020\/02\/desk-table-workspace-office-living-room-furniture-944600-pxhere.com_-1-1024x678.jpg 1024w, https:\/\/www.assessor.fr\/wp-content\/uploads\/2020\/02\/desk-table-workspace-office-living-room-furniture-944600-pxhere.com_-1-300x199.jpg 300w, https:\/\/www.assessor.fr\/wp-content\/uploads\/2020\/02\/desk-table-workspace-office-living-room-furniture-944600-pxhere.com_-1-768x509.jpg 768w, https:\/\/www.assessor.fr\/wp-content\/uploads\/2020\/02\/desk-table-workspace-office-living-room-furniture-944600-pxhere.com_-1-1536x1017.jpg 1536w, https:\/\/www.assessor.fr\/wp-content\/uploads\/2020\/02\/desk-table-workspace-office-living-room-furniture-944600-pxhere.com_-1-2048x1356.jpg 2048w\" sizes=\"(max-width: 706px) 89vw, (max-width: 767px) 82vw, 740px\" \/><\/figure><div class=\"wp-block-media-text__content\">\n<p class=\"has-large-font-size\"><\/p>\n<\/div><\/div>\n","protected":false},"excerpt":{"rendered":"<p>\u2022 Recueil du descriptif du projet. \u2022 Documentons le projet de transfert (lieux, phases, volume, conditions d\u2019accompagnement des \u00e9quipes transf\u00e9r\u00e9es). \u2022 Pr\u00e9sentons sa transcription du projet, son chiffrage et ses conditions de r\u00e9alisation au ma\u00eetre d\u2019ouvrage pour contractualisation. \u2022 Assurons de bout en bout l\u2019ensemble de la r\u00e9alisation des op\u00e9rations, de la pr\u00e9paration du projet &hellip; <\/p>\n<p class=\"link-more\"><a href=\"https:\/\/www.assessor.fr\/index.php\/transfert\/\" class=\"more-link\">Continue reading<span class=\"screen-reader-text\"> &#8220;Transfert&#8221;<\/span><\/a><\/p>\n","protected":false},"author":1,"featured_media":0,"parent":0,"menu_order":0,"comment_status":"closed","ping_status":"closed","template":"","meta":[],"_links":{"self":[{"href":"https:\/\/www.assessor.fr\/index.php\/wp-json\/wp\/v2\/pages\/148"}],"collection":[{"href":"https:\/\/www.assessor.fr\/index.php\/wp-json\/wp\/v2\/pages"}],"about":[{"href":"https:\/\/www.assessor.fr\/index.php\/wp-json\/wp\/v2\/types\/page"}],"author":[{"embeddable":true,"href":"https:\/\/www.assessor.fr\/index.php\/wp-json\/wp\/v2\/users\/1"}],"replies":[{"embeddable":true,"href":"https:\/\/www.assessor.fr\/index.php\/wp-json\/wp\/v2\/comments?post=148"}],"version-history":[{"count":3,"href":"https:\/\/www.assessor.fr\/index.php\/wp-json\/wp\/v2\/pages\/148\/revisions"}],"predecessor-version":[{"id":234,"href":"https:\/\/www.assessor.fr\/index.php\/wp-json\/wp\/v2\/pages\/148\/revisions\/234"}],"wp:attachment":[{"href":"https:\/\/www.assessor.fr\/index.php\/wp-json\/wp\/v2\/media?parent=148"}],"curies":[{"name":"wp","href":"https:\/\/api.w.org\/{rel}","templated":true}]}}