{"id":138,"date":"2020-02-07T09:16:52","date_gmt":"2020-02-07T08:16:52","guid":{"rendered":"http:\/\/www.assessor.fr\/?page_id=138"},"modified":"2020-02-07T16:42:37","modified_gmt":"2020-02-07T15:42:37","slug":"conception","status":"publish","type":"page","link":"https:\/\/www.assessor.fr\/index.php\/conception\/","title":{"rendered":"Conception"},"content":{"rendered":"\n<p> \u2022 V\u00e9rifions la faisabilit\u00e9 du projet \u00e0 partir du capacitaire et la documentation du site. <\/p>\n\n\n\n<p>\u2022 Cr\u00e9ation des concepts d\u2019am\u00e9nagement innovants qui r\u00e9pondent aux besoins des occupants et adapt\u00e9s aux espaces. <\/p>\n\n\n\n<p>\u2022 Garant de la ligne architecturale des projets. <\/p>\n\n\n\n<p>\u2022 Fait appel \u00e0 des experts acoustique, mobilier, audio-vid\u00e9o, signal\u00e9tique. <\/p>\n\n\n\n<div class=\"wp-block-media-text alignwide\"><figure class=\"wp-block-media-text__media\"><img loading=\"lazy\" width=\"1024\" height=\"680\" src=\"http:\/\/www.assessor.fr\/wp-content\/uploads\/2020\/02\/writing-work-pencil-architecture-interior-home-686608-pxhere.com_-1024x680.jpg\" alt=\"\" class=\"wp-image-225\" srcset=\"https:\/\/www.assessor.fr\/wp-content\/uploads\/2020\/02\/writing-work-pencil-architecture-interior-home-686608-pxhere.com_-1024x680.jpg 1024w, https:\/\/www.assessor.fr\/wp-content\/uploads\/2020\/02\/writing-work-pencil-architecture-interior-home-686608-pxhere.com_-300x199.jpg 300w, https:\/\/www.assessor.fr\/wp-content\/uploads\/2020\/02\/writing-work-pencil-architecture-interior-home-686608-pxhere.com_-768x510.jpg 768w, https:\/\/www.assessor.fr\/wp-content\/uploads\/2020\/02\/writing-work-pencil-architecture-interior-home-686608-pxhere.com_-1536x1020.jpg 1536w, https:\/\/www.assessor.fr\/wp-content\/uploads\/2020\/02\/writing-work-pencil-architecture-interior-home-686608-pxhere.com_-2048x1360.jpg 2048w\" sizes=\"(max-width: 706px) 89vw, (max-width: 767px) 82vw, 740px\" \/><\/figure><div class=\"wp-block-media-text__content\">\n<p class=\"has-large-font-size\"><\/p>\n<\/div><\/div>\n","protected":false},"excerpt":{"rendered":"<p>\u2022 V\u00e9rifions la faisabilit\u00e9 du projet \u00e0 partir du capacitaire et la documentation du site. \u2022 Cr\u00e9ation des concepts d\u2019am\u00e9nagement innovants qui r\u00e9pondent aux besoins des occupants et adapt\u00e9s aux espaces. \u2022 Garant de la ligne architecturale des projets. \u2022 Fait appel \u00e0 des experts acoustique, mobilier, audio-vid\u00e9o, signal\u00e9tique.<\/p>\n","protected":false},"author":1,"featured_media":0,"parent":0,"menu_order":0,"comment_status":"closed","ping_status":"closed","template":"","meta":[],"_links":{"self":[{"href":"https:\/\/www.assessor.fr\/index.php\/wp-json\/wp\/v2\/pages\/138"}],"collection":[{"href":"https:\/\/www.assessor.fr\/index.php\/wp-json\/wp\/v2\/pages"}],"about":[{"href":"https:\/\/www.assessor.fr\/index.php\/wp-json\/wp\/v2\/types\/page"}],"author":[{"embeddable":true,"href":"https:\/\/www.assessor.fr\/index.php\/wp-json\/wp\/v2\/users\/1"}],"replies":[{"embeddable":true,"href":"https:\/\/www.assessor.fr\/index.php\/wp-json\/wp\/v2\/comments?post=138"}],"version-history":[{"count":3,"href":"https:\/\/www.assessor.fr\/index.php\/wp-json\/wp\/v2\/pages\/138\/revisions"}],"predecessor-version":[{"id":226,"href":"https:\/\/www.assessor.fr\/index.php\/wp-json\/wp\/v2\/pages\/138\/revisions\/226"}],"wp:attachment":[{"href":"https:\/\/www.assessor.fr\/index.php\/wp-json\/wp\/v2\/media?parent=138"}],"curies":[{"name":"wp","href":"https:\/\/api.w.org\/{rel}","templated":true}]}}